5 - (-15 + 7) - -2
45
98 - 3 - (114 + -60)
41
What is the value of (0 - 1 - -65) + 137 + -45 + -32 + -71?
53
What is the value of 68 + (122 - 32) + -233?
-75
What is the value of 10 - (-76 + 75 - -95)?
-84
What is -790 + 918 - (65 - 1)?
64
Evaluate 3 + -56 - ((-23 + -12 - -19) + 33).
-70
Evaluate 20 + (-21 - -4) + (51 - 24).
30
22 + (11 - (-7 - -18)) + 0
22
Evaluate 1 + (4 - -8 - (7 + -59 + 9 + -16)).
72
Calculate (18 - 24) + -4 + -5 + -19.
-34
What is -20 + (11 - -12 - 3) + -25?
-25
What is (-5 - 128) + 78 + -47 + 15?
-87
What is the value of -44 - -18 - 24 - -9?
-41
11 + (-8 - -2 - 9 - (14 + -25))
7
What is 7 + -1 - (-10 - ((11 - -24) + 46))?
97
What is -2 + (5 - (-88 + 10) - (33 - 18) - 0)?
66
Evaluate -1 - -38 - (-1092 + 1147).
-18
What is the value of (55 - (42 + -17)) + (-72 - -108)?
66
Evaluate 11 + -72 + (68 - -54).
61
Calculate (41 - 66 - -4) + 50.
29
Calculate 3 + -57 + -3 + 62.
5
Calculate (-7 - -98 - 2) + -11 + 12 + 0.
90
Calculate -5 + 1 - (20 + (-28 - 2)) - 8.
-2
What is the value of -76 + 35 + 15 + (10 - -4)?
-12
Evaluate -9 + (154 + -160 - (-4 - 1)) - (3 - 48).
35
Calculate (-5 - (8 + (-8 - -3))) + 25 + -41 + 66.
42
-13 + -17 + 0 + 5 + 6 + 13
-6
Calculate -279 + 332 + (-96 - -3).
-40
Calculate -11 + 9 + (-7 + 14 + -2 - -88) + -8.
83
69 + (-66 - 31) + -26
-54
What is the value of -55 - (14 + -3 - 18) - (4 - 8)?
-44
595 - 692 - (-6 + 3 + -3)
-91
What is 30 - 6 - 4 - (51 - 62)?
31
Calculate -944 + 958 - (-53 - (5 + -9)).
63
Calculate (-34 - -29) + -11 + 31 + -85 + (4 - -1).
-65
What is the value of -1 + -1 + 48 - (275 - 272)?
43
What is 5 - ((-5 - 12 - -55) + (11 - -3))?
-47
1523 - 1529 - (-1 - 1 - -34)
-38
Evaluate 224 + -231 - (28 - (-1 + 6)).
-30
Calculate (1669 - 1730) + -39 + -10.
-110
What is the value of (-92 - -15) + 13 + -1 + -40 + 45?
-60
Evaluate -7 - (3 - 4) - (26 - (-28 + 17)).
-43
Calculate -41 + 5 + 48 + (-4 - 96).
-88
What is the value of (-3 - -5) + -8 + 37 + 43 + -46?
28
What is the value of -101 + 106 + (4 + -3 - (4 - (-5 - -9)))?
6
Evaluate 103 + 48 + -147 + 98.
102
Calculate -55 + (0 - 22) + 24 + 14.
-39
What is the value of 19 + (18 - 9) + (-51 - (-52 - 13))?
42
What is the value of -32 + 38 + -2 + -1 + -10 + -115?
-122
Evaluate (128 - 172) + (37 - -6).
-1
What is -12 - (-35 + 9 + 10 - (-1 + -11))?
-8
What is -1 + (36 + 19 + -37 - (8 - 0))?
9
Evaluate 1 + 0 - (14 - (39 - 49)).
-23
Calculate -70 + 64 + (17 - (4 + 0)) + (1 - 3).
5
Evaluate 72 + -67 - ((2 + -9 - 4) + -9).
25
What is -33 + -96 + 130 + (70 - (-3 + 2))?
72
Evaluate (-5898 - -6092) + -127 + 1.
68
What is -10 - (-19 - (1 + 0 + -9 + -1))?
0
-1 + 15 + (-7 - 16) + 2 - -7
0
Evaluate (-13 - (2 - -1)) + (8 - 12) + 15 - 38.
-43
-51 - (1 - (27 - (5 + -5 + 10)))
-35
What is -87 - ((-135 - 32) + 109)?
-29
What is the value of -118 + 0 - (-3850 + 3844)?
-112
What is the value of -23 + 0 + 8 - ((-34 - -18) + 84)?
-83
What is the value of -51 - -94 - -12 - 36?
19
What is the value of -10 + 98 + -100 + 89 + (-2 - -1) + 1?
77
What is 6 - (-21 + -17) - -32 - -9?
85
Evaluate 4 + 2 + (8 - 8) - (-3 - (0 + 7)).
16
18 - ((1 + -15 - -11) + -29)
50
What is the value of -69 - (19 + (-207 - -86))?
33
-11 - (19 - ((4 - 0) + 24))
-2
What is the value of -44 + (65 - 50) - (-1 - -114)?
-142
Evaluate 29 + 48 + -85 + 10 + 0 - (0 - 2).
4
What is (-53 - -4) + (-202 - -269)?
18
3 + 10 + (-70 - -35) + 39 + 52
69
What is 0 + -5 + (-18 - (-30 - 6) - 7) + -16?
-10
Evaluate 22 + (-2 - 18 - 19) + 21.
4
Evaluate -23 + (-8 - (4 + -6)) + 6 + 3.
-20
(17 - (57 + -16 + 19 - -7)) + -1
-51
Calculate -2 - -11 - (-44 - (-15 - -3) - -8).
33
Evaluate (-12 - -8) + 5 + 5 + -4 - (-536 + 551).
-13
89 + 10 + 2 - (-20 + 44)
77
Calculate (4 + 0 - 8 - (-45 + (10 - 0))) + -9.
22
-3 + -1 + (25 - (4 - 37) - 13)
41
Evaluate -140 + (31 - (-62 + 35)).
-82
Calculate 0 + 47 + (0 - -28) + (-112 - -76).
39
What is (-2 - -15) + 49 + -56 + (0 - 6)?
0
Calculate 150 + 1 - (-17270 + 17521).
-100
(3 + -45 - (734 + -720)) + 17
-39
Evaluate 11 - (56 - -15 - (41 + -26)).
-45
What is the value of 15 + 17 + 16 + (-14 - -6 - -7)?
47
What is 24 + 20 - 82 - -45?
7
Calculate -8 + -7 + 6 + 4 + (-1 - 15).
-21
What is (4 - 2 - -9) + (-4 - (1 + 57))?
-51
(126 + (-29 - -4) - 9) + 28
120
76 - 1 - (826 - 783)
32
Calculate -15 + (8 - 6) - (-8 + 0 - (-117 - -19)).
-103
Calculate (-33 - 0) + -4 + (24 - 32 - -15) + -8.
-38
14 - (-8 - (-2 + (0 - -5) + (-10 - 5)))
10
Calculate (60 - (-115 + 134 - (4 - -5 - -1))) + 4.
55
(45 - -55) + -109 - (-1 - -4)
-12
Calculate -2 + 252 + -290 + -3 + (3 - 1).
-41
What is the value of 6 + (-10 - (3 + -12 + -17))?
22
What is -14 + (-26 - -28) + (2 - -4) - (-106 + 85)?
15
8 + 29 + (-18 + -3 - -2)
18
What is (-25 + -32 - -74) + -1 + -17?
-1
Calculate 46119 + -46046 + (-2 + 1 - (-2 + -15) - 2).
87
433 + -453 + -5 + 12
-13
69 + (29 + 19 - 88) + -6
23
Evaluate 40 + 111 - -21 - 50.
122
Evaluate -51 + 4 + -20 - (-22 - -17 - 16).
-46
Evaluate 9 + (-2 + 20 - (29 - 20) - 10) + 86.
94
-2 + 6 + (38 - -1) + 10
53
What is the value of (-12 - 1) + (8 - (-19 + (-4 - -16)))?
2
-12 + 1 + -173 + -18 + (-5 - -69)
-138
18 + -10 + -9 - (-2 + 8) - 31
-38
Calculate 15 - (-18 + (50 - -16) - -6).
-39
Calculate -19 + (26 - (-27 - -23)) + -62.
-51
Calculate 1 + -94 - (12 - 61).
-44
Calculate 1 + (8 - -33) + 1.
43
Evaluate 1 + -23 - ((-75 - -253) + -96).
-104
What is 24 - ((8 - (-3 + 16)) + 15 - (45 - 24))?
35
Calculate 48 + (52 - 33) + -34.
33
Calculate -47 - (-125 + (122 - 20)).
-24
What is -25 + 38 + (-94 - (36 + 4))?
-121
Calculate 83 + 2 + 80 - 100.
65
Evaluate (-15 - (-12 + (-1 - -14 - 16))) + 124.
124
-22 + 79 + -89 + 12
-20
59 - 75 - -39 - -62
85
What is -19 - (14 + -39 - -44 - 0)?
-38
Calculate (-2 - -40) + (-30 - (-10 - 18)) + -7.
29
What is the value of 3 - ((45 - ((-19 - 1) + 17)) + 6 + 1)?
-52
-11 - -7 - -8 - (8 + -1) - (-163 - -220)
-60
What is 4 + 13 + -24 - (0 - (-3 - 1))?
-11
Evaluate 0 + 1 - (65 + 2 + -7 + 21).
-80
71 - 74 - (17 + 7 + -3)
-24
Evaluate 17 - (-14 - -6 - -37) - -57.
45
-8 + (26 - (-2 - -13) - 10 - -4) + -22
-21
What is the value of 59 + 48 + (-128 - -58)?
37
Evaluate 66 + (20 + -48 + -15 - -24).
47
Evaluate 22 + (68 - (-32 + 70)).
52
(-1 - -47) + (9 - 32) - 22
1
Calculate -59 - (-3 - (-18 + 131)).
57
What is (-7 - 1) + (-87 + 48 - -49)?
2
(0 - 31) + (-77 - (-290 - -120))
62
What is -2 + -19 + (-6 - (-94 - -90)) + (9 - 1)?
-15
Calculate 7 - (-8 - -69 - (3 + (-5 - -4))).
-52
33 + -2 + -8 + 26
49
Calculate 17 + -62 + 9 + (-55 - -37).
-54
Evaluate 1 + -1 + 13 - (-13 + 291 + -302).
37
What is the value of 17 + 1 + -3 + 8 + (2 - -2)?
27
17 - ((-41 - -28 - -13) + (-6 - 0))
23
(-4 - -1) + 3 + -5 + -1526 + 1570
39
What is the value of (33 + -34 - -28) + -6?
21
Calculate 19 - (52 - 16) - -16 - 12.
-13
Calculate -3 - (11 + (-16 - (14 - -12))).
28
Calculate 4 - ((2 + 4 + -1 - -2) + (0 - -35)).
-38
Calculate (16 + -43 - -7) + (-11 - -25) + (1 - -118).
113
What is 65 + -80 + 171 + -192?
-36
Calculate 85 + -1 + 7 + -20 + -42 + 42.
71
Evaluate -14 + 1 + (24 - (9 - -7)) + (4 - -2).
1
20 - (-114 + 191 + (-1 - 11 - 1))
-44
Evaluate (19 - 12 - ((-6 - -12) + -3)) + (2 - 51).
-45
What is (74 - 10) + 1175 + -1182?
57
Evaluate 0 + 3 - (12 + (-10 - (10 + -17)) + -14).
8
Evaluate (-5 - (-2 - -2)) + (401 - 392) + 31.
35
What is the value of (-5 - 13) + -15 - (3 - 15)?
-21
Evaluate (18 - -2) + (-25 - 1) - (59 + 4).
-69
What is -110 + (534 + -493 - (2 - -28))?
-99
What is -19 + (18 - -23 - 5) + 18?
35
Evaluate (-47 + 51 - 56) + 15.
-37
Calculate (-30 - -27) + (-16 - -10) + -7 + 21.
5
What is the value of 64 + (-46 - (-28 - -40))?
6
What is the value of 5 - (-2 + 1) - (-5 - (-145 + 92))?
-42
Evaluate (-17 + (-32 - -73) - 107) + 4.
-79
1 + 10 + -147 + 210 - -23
97
What is the value of 96 + 10 + -11 + (-29 - 10)?
56
What is 18 - 0 - (-151 - -197) - 19?
-47
(35 - (-3 - -9)) + (-4 - 3)
22
What is the value of -104 + 8 + -16 + -73 + 88 - -8?
-89
What is 16 - (-4 + -7 + 0 + (-20 - -19))?
28
Calculate -14 + 24 - ((11 - -46) + -9).
-38
Calculate 2 + 32 - (-16 + 75 - 66).
41
What is the value of (-36 + 4 - ((-1 - 5) + 5 + 10)) + 7?
-34
Calculate -988 + 999 - ((1 - -68) + 18 + -21).
-55
What is (2 - -2 - (15 + 9 + -6)) + 36 + -45?
-23
Calculate 40 - ((23 - (3 + 11)) + -3).
34
Calculate -31 - (10 - -18 - 39) - (-6 + 2).
-16
What is the value of 